64?
4
What is the ten thousands digit of 339799260?
9
What is the thousands digit of 62649739?
9
What is the tens digit of 15434655?
5
What is the tens digit of 1709169808?
0
What is the units digit of 147172547?
7
What is the tens digit of 42833888?
8
What is the tens digit of 23102673?
7
What is the thousands digit of 24568297?
8
What is the hundred thousands digit of 649205860?
2
What is the thousands digit of 762343637?
3
What is the tens digit of 995532528?
2
What is the hundred millions digit of 2272712262?
2
What is the millions digit of 914767367?
4
What is the millions digit of 37868847?
7
What is the thousands digit of 7484477312?
7
What is the tens digit of 381683464?
6
What is the hundred thousands digit of 789047914?
0
What is the thousands digit of 238800947?
0
What is the billions digit of 2708461858?
2
What is the units digit of 388480326?
6
What is the millions digit of 37526376?
7
What is the units digit of 323246032?
2
What is the ten millions digit of 6265269766?
6
What is the billions digit of 3183728610?
3
What is the hundreds digit of 641999314?
3
What is the hundred thousands digit of 21267357?
2
What is the ten thousands digit of 128757271?
5
What is the thousands digit of 101916860?
6
What is the ten thousands digit of 101256570?
5
What is the units digit of 161803184?
4
What is the hundred thousands digit of 3282453596?
4
What is the units digit of 13110957?
7
What is the ten thousands digit of 590696369?
9
What is the thousands digit of 43187001?
7
What is the hundred millions digit of 1638890513?
6
What is the hundreds digit of 101707250?
2
What is the hundreds digit of 16551871?
8
What is the thousands digit of 2533923248?
3
What is the units digit of 815721270?
0
What is the thousands digit of 69945965?
5
What is the ten millions digit of 2006905552?
0
What is the thousands digit of 28152611?
2
What is the ten millions digit of 254597912?
5
What is the hundreds digit of 1232647769?
7
What is the ten thousands digit of 3150316227?
1
What is the hundreds digit of 372523465?
4
What is the hundreds digit of 49367325?
3
What is the tens digit of 151930531?
3
What is the units digit of 12759796?
6
What is the hundreds digit of 23870379?
3
What is the millions digit of 384374224?
4
What is the ten millions digit of 22307953?
2
What is the tens digit of 278065601?
0
What is the hundreds digit of 102957871?
8
What is the hundred thousands digit of 67665528?
6
What is the units digit of 177941321?
1
What is the thousands digit of 61686584?
6
What is the hundred thousands digit of 19700302?
7
What is the thousands digit of 234465133?
5
What is the thousands digit of 12850836?
0
What is the tens digit of 4650943672?
7
What is the ten thousands digit of 195419995?
1
What is the units digit of 22101311?
1
What is the millions digit of 787274282?
7
What is the ten thousands digit of 4264904?
6
What is the hundred thousands digit of 4359034?
3
What is the millions digit of 117840259?
7
What is the hundred thousands digit of 129332671?
3
What is the millions digit of 240420655?
0
What is the tens digit of 224146506?
0
What is the units digit of 54218488?
8
What is the millions digit of 1456909172?
6
What is the millions digit of 36212810?
6
What is the hundreds digit of 317205093?
0
What is the units digit of 256878328?
8
What is the units digit of 4972105300?
0
What is the hundred thousands digit of 131126333?
1
What is the thousands digit of 20247445?
7
What is the units digit of 217878387?
7
What is the ten millions digit of 70684207?
7
What is the millions digit of 366389703?
6
What is the units digit of 595838814?
4
What is the hundred thousands digit of 45704790?
7
What is the units digit of 121830972?
2
What is the hundred thousands digit of 3969232682?
2
What is the ten thousands digit of 18762215?
6
What is the ten millions digit of 39951251?
3
What is the ten millions digit of 2579632711?
7
What is the ten thousands digit of 1404048182?
4
What is the hundreds digit of 2115594616?
6
What is the units digit of 254679431?
1
What is the ten millions digit of 101017703?
0
What is the units digit of 2768949024?
4
What is the tens digit of 198935843?
4
What is the units digit of 1426335?
5
What is the ten thousands digit of 251023740?
2
What is the hundred thousands digit of 381035732?
0
What is the thousands digit of 41514700?
4
What is the ten thousands digit of 389385522?
8
What is the units digit of 50143591?
1
What is the hundreds digit of 30879928?
9
What is the hundred thousands digit of 205467569?
4
What is the hundred thousands digit of 258499554?
4
What is the ten thousands digit of 161121485?
2
What is the hundreds digit of 7259944679?
6
What is the ten thousands digit of 439307333?
0
What is the hundreds digit of 230924930?
9
What is the hundred millions digit of 722349948?
7
What is the hundreds digit of 870554282?
2
What is the ten millions digit of 67398994?
6
What is the ten millions digit of 761592747?
6
What is the thousands digit of 190708836?
8
What is the hundred thousands digit of 452816894?
8
What is the hundreds digit of 136186720?
7
What is the ten millions digit of 3229794222?
2
What is the thousands digit of 288460762?
0
What is the millions digit of 1026023796?
6
What is the hundreds digit of 192448501?
5
What is the tens digit of 23716090?
9
What is the ten thousands digit of 36551576?
5
What is the units digit of 139588081?
1
What is the millions digit of 267250968?
7
What is the hundred thousands digit of 90011475?
0
What is the hundred millions digit of 258130430?
2
What is the ten thousands digit of 1565690336?
9
What is the tens digit of 3270182436?
3
What is the units digit of 833252639?
9
What is the units digit of 1216089263?
3
What is the units digit of 71344602?
2
What is the ten millions digit of 753842167?
5
What is the ten thousands digit of 183021115?
2
What is the hundred thousands digit of 96504224?
5
What is the tens digit of 255156512?
1
What is the millions digit of 1006909874?
6
What is the millions digit of 245731489?
5
What is the ten thousands digit of 80867348?
6
What is the hundred thousands digit of 16908575?
9
What is the tens digit of 1139237229?
2
What is the ten millions digit of 954635413?
5
What is the hundred millions digit of 1238280693?
2
What is the tens digit of 66708100?
0
What is the hundred thousands digit of 80537807?
5
What is the millions digit of 271368097?
1
What is the millions digit of 7623764?
7
What is the millions digit of 6506896296?
6
What is the millions digit of 34206653?
4
What is the hundred thousands digit of 183963105?
9
What is the billions digit of 6778520034?
6
What is the tens digit of 1034319843?
4
What is the hundred millions digit of 1872896183?
8
What is the hundred thousands digit of 551075580?
0
What is the hundred millions digit of 251912593?
2
What is the ten thousands digit of 569873578?
7
What is the tens digit of 3336729933?
3
What is the thousands digit of 18359690?
9
What is the hundreds digit of 217638439?
4
What is the ten millions digit of 493295846?
9
What is the thousands digit of 272772985?
2
What is the ten millions digit of 487501067?
8
What is the thousands digit of 324431741?
1
What is the hundreds digit of 1240277845?
8
What is the hundred thousands digit of 40589719?
5
What is the units digit of 49830104?
4
What is the hundred thousands digit of 46713171?
7
What is the ten thousands digit of 1871425007?
2
What is the ten millions digit of 4823236379?
2
What is the thousands digit of 342582562?
2
What is the units digit of 72095471?
1
What is the ten millions digit of 251887757?
5
What is the hundred thousands digit of 1514452315?
4
What is the thousands digit of 665555207?
5
What is the hundred millions digit of 123994566?
1
What is the thousands digit of 832213747?
3
What is the hundreds digit of 7070759350?
3
What is the units digit of 30641556?
6
What is the millions digit of 29878273?
9
What is the units digit of 2338575811?
1
What is the hundred millions digit of 913386938?
9
What is the units digit of 119202237?
7
What is the thousands digit of 58475640?
5
What is the hundred millions digit of 1211936905?
2
What is the tens digit of 2896900?
0
What is the thousands digit of 36749150?
9
What is the hund